 factors of 4843208.
2, 605401
What are the prime factors of 32317000?
2, 5, 17, 1901
What are the prime factors of 16575994?
2, 29, 227, 1259
List the prime factors of 1134986480.
2, 5, 73, 109, 1783
List the prime factors of 70272729.
3, 41, 157, 1213
List the prime factors of 13347771.
3, 17, 261721
What are the prime factors of 2709279?
3, 67, 4493
What are the prime factors of 928044503?
23, 40349761
What are the prime factors of 440404204?
2, 8329, 13219
What are the prime factors of 204604569?
3, 13, 593, 983
List the prime factors of 403487332.
2, 1231, 81943
List the prime factors of 488146179.
3, 211, 771163
List the prime factors of 1227445338.
2, 3, 7, 53, 139, 3967
What are the prime factors of 193650888?
2, 3, 19, 331, 1283
List the prime factors of 26714397.
3, 8904799
What are the prime factors of 413662688?
2, 59, 151, 1451
List the prime factors of 69603400.
2, 5, 348017
What are the prime factors of 236749754?
2, 37, 3199321
What are the prime factors of 20939872?
2, 654371
What are the prime factors of 5770421354?
2, 163, 2351, 7529
List the prime factors of 255343005.
3, 5, 5674289
List the prime factors of 53394680.
2, 5, 487, 2741
List the prime factors of 1238081385.
3, 5, 82538759
List the prime factors of 185645217.
3, 61881739
What are the prime factors of 29595947?
47, 629701
List the prime factors of 1814327020.
2, 5, 11, 307, 26863
What are the prime factors of 3107610072?
2, 3, 7, 29, 173, 1229
List the prime factors of 32761529.
19, 173, 9967
What are the prime factors of 21214329?
3, 7071443
What are the prime factors of 162844580?
2, 5, 8142229
List the prime factors of 880612381.
11, 31, 2582441
List the prime factors of 153339355.
5, 13, 2359067
What are the prime factors of 1419640132?
2, 23, 29, 532099
List the prime factors of 18873116.
2, 4718279
What are the prime factors of 243958718?
2, 173, 547, 1289
List the prime factors of 202712664.
2, 3, 7, 11, 43, 2551
List the prime factors of 311905192.
2, 4283, 9103
List the prime factors of 85071079.
1321, 64399
List the prime factors of 594492526.
2, 4519, 65777
What are the prime factors of 87766895?
5, 3079, 5701
What are the prime factors of 274801280?
2, 5, 13, 33029
List the prime factors of 145598216.
2, 19, 41, 61, 383
What are the prime factors of 48820241?
48820241
List the prime factors of 51198633.
3, 83, 68539
What are the prime factors of 131920652?
2, 29, 1137247
What are the prime factors of 423051149?
563, 751423
What are the prime factors of 61889488?
2, 3868093
What are the prime factors of 1348878569?
433, 3115193
List the prime factors of 346342839.
3, 115447613
What are the prime factors of 167722547?
89, 1884523
List the prime factors of 126445181.
47, 173, 15551
List the prime factors of 2064278692.
2, 7, 37, 1992547
List the prime factors of 207627787.
719, 288773
List the prime factors of 196158097.
397, 494101
What are the prime factors of 205867332?
2, 3, 11, 47, 1229
List the prime factors of 460660077.
3, 23, 96757
What are the prime factors of 116283329?
131, 887659
List the prime factors of 604479538.
2, 13, 29, 83, 743
What are the prime factors of 551118463?
7, 78731209
What are the prime factors of 1013872474?
2, 71, 7139947
What are the prime factors of 149650649?
149650649
List the prime factors of 55334611.
683, 81017
What are the prime factors of 947546188?
2, 19, 691, 18043
What are the prime factors of 69642043?
69642043
What are the prime factors of 3902494564?
2, 743, 1313087
List the prime factors of 165975041.
3917, 42373
What are the prime factors of 90547194?
2, 3, 307, 49157
What are the prime factors of 624805393?
53, 211, 55871
List the prime factors of 75388120.
2, 5, 79, 23857
List the prime factors of 1484403760.
2, 5, 7, 67, 39563
List the prime factors of 245179001.
13933, 17597
List the prime factors of 2220077158.
2, 13, 17, 1579, 3181
List the prime factors of 6925704083.
6925704083
List the prime factors of 306546654.
2, 3, 59, 107, 8093
What are the prime factors of 1030368583?
151, 541, 12613
List the prime factors of 1876570069.
11, 23, 7417273
List the prime factors of 448032517.
448032517
List the prime factors of 137593895.
5, 137, 200867
What are the prime factors of 6787922?
2, 53, 64037
What are the prime factors of 2983463437?
523, 1117, 5107
List the prime factors of 563149.
563149
What are the prime factors of 105637916?
2, 26409479
What are the prime factors of 587884207?
1051, 559357
What are the prime factors of 1377065889?
3, 37, 277, 14929
List the prime factors of 3096792777.
3, 13, 17, 4670879
List the prime factors of 12433926.
2, 3, 2072321
List the prime factors of 659689702.
2, 7, 257, 183349
What are the prime factors of 414962896?
2, 97, 267373
What are the prime factors of 543234766?
2, 911, 298153
List the prime factors of 1884155765.
5, 376831153
What are the prime factors of 155104145?
5, 7, 857, 5171
List the prime factors of 23114372.
2, 317, 18229
What are the prime factors of 4269124505?
5, 83, 10287047
What are the prime factors of 5209136662?
2, 71, 131, 280031
What are the prime factors of 1395629434?
2, 697814717
What are the prime factors of 226431606?
2, 3, 37738601
What are the prime factors of 95354851?
269, 354479
List the prime factors of 201756346.
2, 11, 9170743
List the prime factors of 507848378.
2, 17, 19, 839, 937
What are the prime factors of 15280108?
2, 197, 19391
List the prime factors of 62732542.
2, 41, 765031
What are the prime factors of 614639358?
2, 3, 617, 55343
List the prime factors of 56004810.
2, 3, 5, 1866827
What are the prime factors of 166722030?
2, 3, 5, 31, 19919
What are the prime factors of 77671967?
4049, 19183
What are the prime factors of 23454723?
3, 673, 11617
List the prime factors of 4139074472.
2, 13, 39798793
List the prime factors of 102948048.
2, 3, 7, 41, 47, 53
List the prime factors of 50624072.
2, 43, 147163
List the prime factors of 2766402.
2, 3, 153689
What are the prime factors of 39137383?
17, 149, 15451
List the prime factors of 1041638774.
2, 11, 47347217
What are the prime factors of 39572382?
2, 3, 6595397
List the prime factors of 1936048769.
47, 41192527
What are the prime factors of 28659337?
7, 29, 141179
What are the prime factors of 2999274834?
2, 3, 37, 359, 37633
What are the prime factors of 134210173?
29, 4627937
List the prime factors of 106360320.
2, 3, 5, 11, 1259
List the prime factors of 5962488420.
2, 3, 5, 7, 19, 281, 2659
What are the prime factors of 437348382?
2, 3, 101, 721697
What are the prime factors of 269021023?
29, 1279, 7253
What are the prime factors of 393605964?
2, 3, 17, 179, 3593
What are the prime factors of 909016377?
3, 303005459
What are the prime factors of 61196882?
2, 23, 643, 2069
List the prime factors of 348672637.
53, 293, 22453
What are the prime factors of 723213652?
2, 7, 25829059
List the prime factors of 203723773.
11, 18520343
What are the prime factors of 45050808?
2, 3, 11, 170647
What are the prime factors of 278223181?
461, 603521
List the prime factors of 1709255923.
109, 277, 56611
List the prime factors of 84476277.
3, 41, 61, 139
List the prime factors of 12629457.
3, 619, 2267
What are the prime factors of 726574106?
2, 37, 89, 110321
What are the prime factors of 2780062273?
19, 43, 113, 30113
What are the prime factors of 1059313686?
2, 3, 43, 79, 51973
What are the prime factors of 96521071?
67, 499, 2887
List the prime factors of 5693296668.
2, 3, 17, 3463, 8059
List the prime factors of 9701536.
2, 13, 23321
What are the prime factors of 21518514?
2, 3, 398491
What are the prime factors of 3170452937?
3170452937
What are the prime factors of 1154846758?
2, 13, 29, 1531627
What are the prime factors of 262890761?
7, 107, 350989
List the prime factors of 1407300433.
7, 11, 103, 25349
What are the prime factors of 1822622215?
5, 19, 31, 32573
What are the prime factors of 6001018910?
2, 5, 499, 1202609
List the prime factors of 2577291.
3, 43, 19979
List the prime factors of 878194010.
2, 5, 401, 219001
What are the prime factors of 475830332?
2, 1097, 108439
What are the prime factors of 18627725?
5, 127, 5867
What are the prime factors of 79965080?
2, 5, 13, 103, 1493
What are the prime factors of 74356910?
2, 5, 31, 131, 1831
What are th